
3202 (base 4) to base 10
226
Convert 61b9 (base 15) to base 14.
774d
Convert 51434 (base 7) to base 10.
12569
Convert -2412 (base 7) to base 15.
-3e6
151 (base 8) to base 3
10220
Convert 57131 (base 8) to base 13.
acbc
-954 (base 10) to base 9
-1270
-491 (base 14) to base 2
-1110001111
What is -b59 (base 13) in base 10?
-1933
-a791 (base 15) to base 11
-24708
-702 (base 10) to base 2
-1010111110
Convert -39359 (base 12) to base 10.
-78261
-1954 (base 12) to base 5
-44323
Convert -1010111010 (base 2) to base 8.
-1272
Convert -61818 (base 9) to base 13.
-15725
Convert 230b (base 14) to base 9.
8313
What is -18685 (base 10) in base 7?
-105322
What is -37 (base 15) in base 12?
-44
2c8 (base 15) to base 5
10023
457 (base 14) to base 3
1011220
What is -1530 (base 10) in base 14?
-7b4
413 (base 7) to base 11
178
Convert 23023320 (base 4) to base 9.
68756
1412 (base 9) to base 16
428
61c (base 16) to base 10
1564
537 (base 11) to base 6
2553
10011001111011 (base 2) to base 4
2121323
Convert 3703 (base 9) to base 15.
c3c
Convert 144433 (base 5) to base 13.
2ac3
What is 1502 (base 6) in base 12?
292
Convert ce6 (base 15) to base 14.
10c4
-147 (base 11) to base 9
-211
Convert 1cca (base 15) to base 11.
4786
23113 (base 4) to base 14
39d
What is -212 (base 3) in base 13?
-1a
What is 43204 (base 5) in base 16?
b71
Convert 221201 (base 3) to base 13.
415
313 (base 12) to base 10
447
4b4 (base 13) to base 11
689
What is 225 (base 11) in base 15?
12e
3443 (base 9) to base 8
4766
Convert 200 (base 4) to base 9.
35
Convert -1264 (base 7) to base 13.
-2b6
Convert 5205 (base 14) to base 7.
56105
What is 1b05 (base 12) in base 10?
3317
-6157 (base 9) to base 6
-32511
Convert 223d (base 15) to base 14.
2906
-4840 (base 12) to base 5
-224422
Convert 201500 (base 6) to base 5.
1002243
What is 214 (base 12) in base 15?
154
4165 (base 7) to base 9
2011
69639 (base 10) to base 12
34373
What is -10326 (base 8) in base 2?
-1000011010110
What is 210111 (base 4) in base 13?
109b
2204 (base 14) to base 8
13374
What is 7448 (base 16) in base 5?
1423033
What is -23f (base 16) in base 15?
-285
Convert 14035 (base 6) to base 13.
cbc
Convert -6295 (base 12) to base 16.
-2a11
-3314 (base 13) to base 12
-414b
Convert 120 (base 10) to base 16.
78
Convert -11101110000 (base 2) to base 6.
-12452
Convert -12023 (base 6) to base 4.
-123033
16613 (base 7) to base 2
1001010011011
Convert -9571 (base 16) to base 13.
-1454b
1026 (base 8) to base 10
534
What is -2135 (base 6) in base 8?
-753
What is -3c5 (base 15) in base 7?
-2336
Convert 1430535 (base 6) to base 11.
56550
What is -55c (base 14) in base 9?
-1410
ed4 (base 16) to base 12
2244
What is 15305 (base 7) in base 12?
2578
What is -1110202 (base 3) in base 16?
-431
Convert 59 (base 16) to base 10.
89
-1079 (base 10) to base 13
-650
Convert c66 (base 13) to base 15.
95c
What is 1449 (base 10) in base 9?
1880
Convert 120101221 (base 3) to base 12.
65ba
-655 (base 14) to base 13
-753
What is -511053 (base 6) in base 4?
-21313221
Convert -1100101011 (base 2) to base 6.
-3431
Convert 101160 (base 9) to base 2.
1110101000001001
971 (base 16) to base 15
ab2
-1101110111011 (base 2) to base 6
-52511
What is -1171 (base 9) in base 13?
-523
-331213 (base 4) to base 9
-5361
Convert 2041141 (base 5) to base 14.
c50d
What is 40420 (base 6) in base 12?
3110
Convert -1010110110111101 (base 2) to base 16.
-adbd
Convert 1619 (base 10) to base 4.
121103
-112011221 (base 3) to base 9
-15157
What is 387 (base 9) in base 11?
273
Convert -7a (base 13) to base 15.
-6b
What is 12112 (base 3) in base 14?
a9
What is 74a (base 13) in base 9?
1633
337 (base 14) to base 2
1001111101
-207 (base 16) to base 3
-201020
Convert 5467 (base 9) to base 13.
1ab0
-1602 (base 10) to base 14
-826
What is 8941 (base 14) in base 5?
1230043
What is -14403 (base 5) in base 13?
-736
e388 (base 16) to base 11
3a843
What is 1100112 (base 3) in base 6?
4322
-25004 (base 8) to base 12
-6284
-1554 (base 6) to base 4
-12232
What is -100 (base 3) in base 12?
-9
What is -1412 (base 7) in base 6?
-2312
Convert 681 (base 12) to base 7.
2542
Convert -172 (base 15) to base 14.
-19a
-1a8a (base 11) to base 16
-a4f
Convert -49a (base 12) to base 7.
-2011
Convert -102 (base 14) to base 8.
-306
What is 1776 (base 11) in base 5?
33021
What is 24063 (base 7) in base 2?
1100001001011
13413 (base 5) to base 4
101110
-11725 (base 16) to base 3
-10122000201
30b (base 12) to base 5
3233
What is 51779 (base 10) in base 12?
25b6b
Convert -31121 (base 5) to base 14.
-a56
Convert -222042 (base 5) to base 13.
-36cb
Convert -343 (base 5) to base 11.
-8a
What is 6046 (base 7) in base 9?
2774
Convert c77 (base 16) to base 13.
15b6
-3443 (base 5) to base 14
-278
12112101 (base 3) to base 6
30401
What is 664 (base 7) in base 6?
1324
557e (base 15) to base 5
1034434
What is 13120 (base 4) in base 15?
217
What is -10000011 (base 3) in base 2?
-100010001111
Convert 569 (base 14) to base 10.
1073
Convert -413 (base 5) to base 12.
-90
Convert 3045 (base 7) to base 3.
1110100
What is -200320 (base 4) in base 10?
-2104
12423 (base 13) to base 15
9e90
10041 (base 6) to base 7
3565
Convert 1001011010 (base 2) to base 4.
21122
What is -3e2 (base 15) in base 16?
-377
What is 3226 (base 8) in base 5?
23221
Convert 3011201 (base 4) to base 5.
401031
760 (base 10) to base 8
1370
Convert -5653 (base 10) to base 8.
-13025
-1011010 (base 2) to base 5
-330
Convert -6d8 (base 16) to base 14.
-8d2
Convert -13772 (base 8) to base 9.
-8370
Convert 1491 (base 10) to base 3.
2001020
Convert -1010101011100 (base 2) to base 7.
-21641
What is 11143 (base 7) in base 9?
3777
3132314 (base 5) to base 9
78550
-1011111100 (base 2) to base 7
-2141
What is -10431 (base 9) in base 14?
-273b
1673 (base 11) to base 10
2137
What is 293 (base 11) in base 12?
248
Convert -5036 (base 8) to base 12.
-15ba
Convert -3816 (base 11) to base 7.
-20341
-1100011110011001 (base 2) to base 9
-77074
Convert 4910 (base 10) to base 8.
11456
Convert 4974 (base 10) to base 6.
35010
Convert -2006 (base 7) to base 4.
-22310
10001221112 (base 3) to base 15
12db2
Convert -22015 (base 7) to base 6.
-41244
Convert -2592 (base 12) to base 11.
-3247
Convert 2840 (base 11) to base 16.
e5a
What is -510 (base 13) in base 4?
-31122
What is -58c (base 14) in base 3?
-1111220
12211331 (base 4) to base 8
64575
Convert -333143 (base 5) to base 3.
-121000100
aa6 (base 12) to base 3
2011000
112041 (base 5) to base 10
4021
Convert -b505 (base 15) to base 2.
-1001010101101111
What is -12a55 (base 11) in base 6?
-221553
What is 1748 (base 12) in base 6?
20532
13110 (base 4) to base 14
256
-401 (base 10) to base 2
-110010001
Convert -2012022220 (base 3) to base 4.
-22203303
-42440 (base 6) to base 7
-22602
Convert -22123130 (base 4) to base 6.
-525432
Convert 1015 (base 9) to base 7.
2111
What is 498b (base 16) in base 13?
8753
1855 (base 10) to base 11
1437
Convert 38b6 (base 15) to base 9.
17530
12674 (base 8) to base 13
26c0
What is 20221110 (base 3) in base 16?
13c5
What is 21690 (base 12) in base 14?
12152
Convert -2458 (base 9) to base 16.
-72b
Convert -100141 (base 5) to base 11.
-2423
Convert 1dd (base 15) to base 6.
2001
-61636 (base 7) to base 6
-153434
What is 199 (base 10) in base 2?
11000111
What is -1332 (base 6) in base 11?
-293
What is 88 (base 11) in base 4?
1200
What is 6372 (base 10) in base 12?
3830
Convert 2324 (base 7) to base 5.
11401
-30b (base 16) to base 4
-30023
What is 1011001111111 (base 2) in base 6?
42355
What is -471 (base 13) in base 11?
-639
What is 26e (base 15) in base 5?
4204
What is -462 (base 15) in base 10?
-992
What is -444 (base 12) in base 10?
-628
Convert 1524 (base 11) to base 15.
8ac
Convert 253 (base 13) to base 16.
196
-15446 (base 12) to base 3
-1112011100
Convert 201560 (base 7) to base 10.
34244
What is 17b7 (base 12) in base 8?
5473
22102 (base 4) to base 11
549
Convert 1c (base 15) to base 6.
43
3022 (base 11) to base 2
111110110001
Convert -1134 (base 10) to base 4.
-101232
15301 (base 8) to base 10
6849
What is -2d1 (base 15) in base 10?
-646
50568 (base 10) to base 7
300300
What is 15a (base 15) in base 5?
2220
Convert 52836 (base 9) to base 2.
1000100010000000
36b (base 13) to base 4
21110
-227 (base 13) to base 12
-26b
Conver